?
False
Is 133504346123 composite?
True
Is 341362687 prime?
True
Is 40619443 prime?
False
Is 598877113 prime?
False
Is 5742578119 prime?
True
Is 10887896759 prime?
True
Is 76976528831 composite?
True
Is 1597605083 a composite number?
False
Is 6478860737 a composite number?
False
Is 12320647 composite?
False
Is 774526015 composite?
True
Is 4387978489 prime?
False
Is 3073485167 prime?
True
Is 4502986981 a prime number?
False
Is 292332787 prime?
False
Is 378611683 prime?
False
Is 3087513437 a prime number?
False
Is 66044089 prime?
True
Is 378060681461 a prime number?
True
Is 23052131 prime?
True
Is 26894225321 composite?
False
Is 15141700213 a prime number?
False
Is 228485927 composite?
True
Is 3434787723 a composite number?
True
Is 530828611 prime?
True
Is 1953084074 prime?
False
Is 19392216637 a prime number?
False
Is 39359991031 a composite number?
False
Is 2188151297 composite?
True
Is 10091475697 composite?
False
Is 5232022483 a composite number?
True
Is 46587343411 composite?
True
Is 115097263 a prime number?
False
Is 12847253383 composite?
True
Is 159677503 prime?
True
Is 739128427 composite?
True
Is 45024504001 composite?
False
Is 2057498783 composite?
True
Is 7502374769 a prime number?
False
Is 130773751079 composite?
True
Is 222998323 a composite number?
False
Is 14595651341 prime?
False
Is 33036840521 prime?
False
Is 8378090041 composite?
False
Is 355202119 a composite number?
True
Is 1664207705 composite?
True
Is 812524393 composite?
False
Is 704700797 a composite number?
True
Is 329404547 a composite number?
False
Is 1267372819 a prime number?
False
Is 7581893377 composite?
False
Is 8388822017 prime?
True
Is 3001339451 composite?
True
Is 759081109 composite?
False
Is 42517498549 prime?
False
Is 361280641 prime?
True
Is 6364692161 prime?
True
Is 409974079741 a composite number?
False
Is 481631549 composite?
True
Is 45917456983 a composite number?
False
Is 4335997 a prime number?
False
Is 12373695023 a prime number?
True
Is 4339314709 a prime number?
True
Is 20996464487 a prime number?
False
Is 364477781 composite?
True
Is 806866339 composite?
True
Is 432975773 composite?
False
Is 34105021 composite?
True
Is 12389455979 a prime number?
False
Is 174896143 prime?
True
Is 330976473 a prime number?
False
Is 9789975487 composite?
True
Is 6593741489 composite?
False
Is 13760369 composite?
True
Is 15787182611 composite?
False
Is 539071783 composite?
False
Is 431026417 a composite number?
True
Is 4530335683 prime?
False
Is 21431161757 a prime number?
False
Is 11175647953 composite?
True
Is 4448532659 a composite number?
False
Is 3076462297 a prime number?
True
Is 20538387581 a prime number?
False
Is 4644252463 a prime number?
False
Is 871816601 composite?
False
Is 9804164677 composite?
False
Is 114823588163 composite?
False
Is 5800946603 a composite number?
False
Is 65927911655 prime?
False
Is 83576253 composite?
True
Is 8724087191 a prime number?
True
Is 95716050977 composite?
False
Is 3010456927 prime?
True
Is 356083733 composite?
True
Is 17035160294 composite?
True
Is 11082449159 prime?
True
Is 5843488411 composite?
False
Is 33669906829 a prime number?
False
Is 236586527 composite?
False
Is 419883811 a prime number?
True
Is 360222279 composite?
True
Is 797192303 a composite number?
False
Is 3531350629 composite?
False
Is 711263533 prime?
False
Is 3639775289 composite?
False
Is 2788716989 prime?
True
Is 37885959649 a composite number?
False
Is 1154469619 prime?
True
Is 7698829097 a composite number?
False
Is 862358183 prime?
False
Is 94803547 a prime number?
False
Is 153839313127 composite?
False
Is 31559873077 a prime number?
False
Is 59238292177 a composite number?
False
Is 11139355139 a prime number?
False
Is 7382363617 a prime number?
False
Is 10406459333 a prime number?
True
Is 22712051797 a composite number?
False
Is 1366707907 composite?
True
Is 28293464443 a composite number?
False
Is 2170873589 a composite number?
False
Is 2309831627 a prime number?
True
Is 1192215223 composite?
True
Is 623391467 a composite number?
False
Is 6921402286 a prime number?
False
Is 1628744349 composite?
True
Is 244910689 a prime number?
True
Is 29609616271 a composite number?
True
Is 963628993 a prime number?
False
Is 150349519 composite?
False
Is 1770749423 prime?
True
Is 1107718903 a composite number?
False
Is 64336801 a composite number?
True
Is 63327272311 prime?
True
Is 1484143381 composite?
True
Is 269375173 composite?
True
Is 13296861121 composite?
False
Is 8825611709 a prime number?
True
Is 4976770273 prime?
True
Is 1369245721 composite?
True
Is 2759029373 a prime number?
True
Is 250057125905 prime?
False
Is 897239681 a prime number?
False
Is 313030687 composite?
False
Is 45346964429 a composite number?
True
Is 21621323 a prime number?
False
Is 2275081411 composite?
True
Is 8328471269 prime?
True
Is 38063414239 a composite number?
True
Is 315511919 a composite number?
False
Is 28168767373 a prime number?
True
Is 256832203 prime?
True
Is 9848956529 a prime number?
True
Is 925606849 a composite number?
True
Is 67259124169 prime?
True
Is 4846789183 composite?
False
Is 2501053799 composite?
True
Is 36896718511 a prime number?
True
Is 18052267 a prime number?
True
Is 4548729857 prime?
False
Is 50606819 composite?
False
Is 3017278139 a prime number?
True
Is 36795188923 a composite number?
True
Is 74508599513 a composite number?
False
Is 348198623 a composite number?
True
Is 27258639623 a composite number?
False
Is 28250947189 composite?
False
Is 1410979879 a composite number?
True
Is 5614084429 a composite number?
True
Is 7543924471 a prime number?
False
Is 155530313 a prime number?
False
Is 227538503 a composite number?
True
Is 9152931317 a prime number?
False
Is 6614230109 a prime number?
True
Is 668808529 a prime number?
False
Is 97947265379 a prime number?
False
Is 24991880609 a prime number?
True
Is 103757041561 prime?
True
Is 682501883 a prime number?
False
Is 4127183633 composite?
True
Is 10376629727 a prime number?
False
Is 11334858019 prime?
True
Is 23328053117 a composite number?
True
Is 1253995907 composite?
True
Is 374545901 prime?
False
Is 25453568683 a composite number?
False
Is 6202035599 prime?
True
Is 406894573 prime?
True
Is 26922806969 prime?
True
Is 61682767 a composite number?
False
Is 5405919361 a composite number?
True
Is 50233649159 a composite number?
True
Is 10779684103 prime?
False
Is 30443492029 prime?
True
Is 4831889113 composite?
False
Is 107458896547 a prime number?
False
Is 49408023737 prime?
False
Is 11538328583 prime?
True
Is 2554617977 prime?
False
Is 18324211649 a composite number?
False
Is 5275884191 a composite number?
True
Is 2037304847 composite?
False
Is 2259082207 a prime number?
True
Is 4500075997 composite?
False
Is 2945269505 composite?
True
Is 98065222799 prime?
False
Is 1315214323 a composite number?
False
Is 2350835849 a prime number?
True
Is 8535650947 composite?
False
Is 12128725391 a prime number?
False
Is 717544753 a composite number?
True
Is 708715453 a composite number?
False
Is 3233513813 a prime number?
False
Is 2199161677 prime?
True
Is 24951421003 prime?
True
Is 15463068365 prime?
False
Is 5378198981 composite?
True
Is 7887114803 composite?
True
Is 12467686367 prime?
True
Is 10574618027 a prime number?
False
Is 14142078397 prime?
True
Is 149338853 a composite number?
True
Is 1343003579 a composite number?
True
Is 245574689 prime?
True
Is 5233519013 prime?
False
Is 49823081635 a composite number?
True
Is 29285206087 composite?
False
Is 733441547 composite?
True
Is 25431140009 a composite number?
True
Is 24746722867 a prime number?
False
Is 206224313 a composite number?
False
Is 336113653 composite?
False
Is 1611774419 a prime number?
False
Is 1122836903 prime?
False
Is 89178955547 composite?
True
Is 3236195713 composite?
True
Is 158749107395 prime?
False
Is 25815957043 composite?
False
Is 26132378721 prime?
False
Is 1028485069 a prime number?
True
Is 2566779499 composite?
True
Is 23682279183 composite?
True
Is 5023998433 prime?
False
Is 1103348107 a composite number?
True
Is 1756479751 a composite number?
True
Is 48584849 prime?
False
Is 81064909087 prime?
False
Is 146725688903 prime?
True
Is 4555560467 prime?
True
Is 14764713323 a composite number?
True
Is 255028541 prime?
True
Is 175653177